 Suppose 2*x - j = 3*j + 64, -x - j + o = 0. Let s = -16 + x. What is the units digit of s?
6
Let r = 100 - 24. What is the units digit of r?
6
Suppose 0*i + 2*a = -i, 4*i = 4*a. Suppose i*k - 2*k = -2. What is the units digit of k?
1
Suppose 39 = -19*t + 22*t. What is the tens digit of t?
1
Let t = 1 - -2. Let l be t/2*(-18)/(-3). Suppose l + 15 = 4*o. What is the units digit of o?
6
Suppose 0*g = -2*g + 134. What is the tens digit of g?
6
Let x be (3/(-6))/((-1)/12). Let y be (-9)/x*(-8)/6. Suppose 0 = 2*u + 5*v - 42, -4*v - y = -10. What is the tens digit of u?
1
Suppose 5*j + 2*l = 15 + 12, -4*j - l = -21. Suppose 58 = j*x - 47. What is the units digit of x?
1
Suppose -4*d + 5*p = 26, 8 = 4*p - 0. Let c be (-123)/12 + (-1)/d. What is the units digit of (12/c)/((-1)/5)?
6
Let g = 9 + -1. Let i(o) = -8*o - 2 - 4 + o**2 + 12*o - 11*o. What is the units digit of i(g)?
2
Let w(n) = 106*n + 3. What is the tens digit of w(1)?
0
What is the units digit of (12/(-18) + 1)/(2/222)?
7
Let l be (58/3)/(2/3). Let g = l - 1. What is the units digit of g?
8
Let q = 23 + -23. Suppose 0 = 4*o - 11 - 5. Suppose q = -o*l + 1 + 7. What is the units digit of l?
2
Let z = -37 - -62. Let v = -12 + z. What is the tens digit of v?
1
Let f be (-11 + 1 + 3)*-1. Let o(b) = b**3 - 8*b**2 + 7*b + 9. What is the units digit of o(f)?
9
Suppose -128 = 5*z - 1368. What is the hundreds digit of z?
2
Suppose -2*i + 45 = -5*i. Let g be -3 + i/(-2 + -1). What is the units digit of g/(-5) - (-54)/10?
5
Suppose -60 = 4*v - 168. What is the tens digit of v?
2
Let i(t) = t - 3. Let y be i(0). What is the tens digit of (-8)/(y/(-9)*-2)?
1
Let j(o) = 4*o**2 - 2. Let t be j(2). Suppose 0 = 2*y + 10, 0*l + 4*y = -2*l - t. What is the units digit of l?
3
Suppose 2*n = 3*j - 0*n - 44, 0 = 5*j - 5*n - 70. What is the tens digit of (j - -2)*6/4?
2
Suppose 0 = r - 2. Let f = r + -5. Let z = -2 - f. What is the units digit of z?
1
Let l(b) = -b + 7. Let d be l(3). Suppose 0 = v + 2*g - 21, -6 + 55 = 5*v - d*g. What is the units digit of v?
3
Suppose -336 = 9*q - 12*q. What is the hundreds digit of q?
1
What is the units digit of ((-111)/(-6))/(1/2)?
7
Let i(z) = -3*z + 14. Let f be i(-16). Suppose -2*u = -0*u - f. What is the tens digit of u?
3
Let f = -433 - -610. What is the units digit of f?
7
Suppose 2*n = 3*i, 4*i + 2*n = 7*n - 7. Suppose -3*w + 15 = i*w. Suppose w*q = 4*q - 6. What is the units digit of q?
6
Suppose -w - 172 = -3*c, -3*c + 3*w + 122 = -46. What is the units digit of c?
8
Let z = -39 - -232. What is the units digit of z?
3
Let k be ((-8)/5)/((-6)/15). Suppose 15 = -k*g - g. Let u = 0 - g. What is the units digit of u?
3
Let r(h) = -11*h - 8. Let a be r(-6). Let q = a + -34. What is the units digit of -5*(0 - q/15)?
8
Let k(r) = -r**3 + 3*r**2 + 4. Let m be k(3). Suppose 4*d - 32 + 4 = -m*q, -3*d = -5*q + 3. Suppose 9 = q*h - 2*h. What is the units digit of h?
9
Let t(g) = -g**3 + 2*g**2 + 3*g + 1. Let x(d) = -d**2 + 16*d - 17. Let r be x(15). What is the tens digit of t(r)?
1
Let f(m) = -m**2 + 4*m + 3. Let v be f(4). Let b(z) = 3*z + z**2 - 2 - 4*z + 3 - z. What is the units digit of b(v)?
4
Let f = -251 + 115. What is the tens digit of (f/16)/(2/(-4))?
1
Let h = -5 + 8. Suppose -w = -h*w + 34. What is the tens digit of w?
1
Let d(j) = -16*j - 22. What is the units digit of d(-5)?
8
Let c(z) = z**2 - 5*z - 1. What is the units digit of c(11)?
5
Let b = -105 + 150. What is the units digit of b?
5
Let h = -3 + 3. Suppose -6 = -2*i - k, h = i - 0*k - 3*k - 10. Let q = i + -1. What is the units digit of q?
3
Suppose p + 5 = 1. Let v be (-1)/p - 33/4. What is the units digit of (-2)/v + 21/12?
2
Let j(n) = -36*n - 2. Let x be j(4). What is the units digit of x/(-5) + (-8)/(-10)?
0
Suppose 13 = -k + 65. Suppose n + n - d - k = 0, 4*d = 3*n - 78. What is the units digit of n?
6
Suppose 0*z - 5*z + 20 = 0. Suppose 0 = -0*s - z*s + 88. What is the tens digit of s?
2
Let p(f) = -f**3 + 9*f**2 - 6*f - 9. What is the units digit of p(8)?
7
What is the units digit of 50 + -2 + 0 + 3?
1
Let h = 9 + -5. Suppose -n + 3*n = v - h, 4*v - n = 2. Suppose -2*p + 0 + 6 = v. What is the units digit of p?
3
Suppose -5*q - 95 = -10*q. What is the units digit of q?
9
Suppose -4*y = -38 - 14. Suppose 1 - y = -2*j. Suppose j*q - 28 = 2*q. What is the units digit of q?
7
Suppose 8 = 4*p, 3*v = -2*p + 200 + 122. What is the hundreds digit of v?
1
Suppose -5*i - 3*i = -3152. What is the tens digit of i?
9
Let y be 18/(-45)*(-5 + 0). Let v be 0 + 3/((-6)/(-32)). Suppose 6 = -y*t + v. What is the units digit of t?
5
What is the tens digit of -12*((-44)/56 - -1)*-112?
8
Let o = -24 - -16. What is the tens digit of (76/o)/((-2)/4)?
1
Suppose -8 = 5*o - 3*o. Let p = o - -3. What is the units digit of p/((2 + 0)/(-6))?
3
Suppose 85 = 2*d + 5*a, -3*a + 6*a = 3. What is the tens digit of d?
4
Let h be (-4)/(-3)*(-1 + 4). Suppose -2*j + 5*l + 19 = 0, -4*j - h*l + 28 = -2*j. Suppose -j = -5*x - g + 20, -3*g + 6 = 0. What is the units digit of x?
6
Let x(p) = 2*p. Let a(t) = t. Let y(r) = 4*a(r) - 3*x(r). Let u be y(-1). What is the units digit of u/5 - 292/(-20)?
5
Let a(p) be the second derivative of p**4/12 + p**2/2 + 6*p. What is the units digit of a(5)?
6
Let g(s) = -5*s**2 - 7*s - 2. Let k(c) = 2*c**2 + 2*c + 1. Let l(p) = 3*g(p) + 8*k(p). What is the tens digit of l(7)?
1
Suppose 4*a - 178 = -58. What is the units digit of a?
0
Let g be 16*(0 + -2 + 3). Let j = g + -9. Let a = 1 + j. What is the units digit of a?
8
Let o(a) = 4 + 0 + 0 + 2*a. What is the tens digit of o(5)?
1
Let g(q) be the third derivative of -q**5/30 - q**4/8 - q**3/6 + q**2. Let x be g(-3). What is the units digit of (-2)/(-5) - 6/x?
1
Let y(k) be the first derivative of -2*k**2 - 5. Let l = -1 + -4. What is the units digit of y(l)?
0
Suppose w + 5*g - 17 = 0, 2*w = -5*g + 19 - 0. Suppose -2*z + w = 0, -3*a + 4*z = z - 27. What is the units digit of a?
0
Suppose 1002 = 8*n - 2*n. What is the tens digit of n?
6
Let n(r) = 2*r + 5. Let x be n(-4). What is the units digit of (9 - 2)*(x - -7)?
8
Suppose p + 90 = 6*p. What is the units digit of p/8 + 4/(-16)?
2
What is the hundreds digit of 1/2*43*(-6)/(-1)?
1
Let m(k) = -k**2 - 15*k - 8. What is the units digit of m(-13)?
8
Let m be 30/4 + (-3)/2. Suppose w - m*w = -10. Suppose 28 = -0*o + w*o. What is the tens digit of o?
1
What is the units digit of (-5)/(-75)*-3 - 3632/(-10)?
3
Let w(k) = k**2 - 9*k - 10. Let n be w(9). Let z = n - 8. What is the units digit of (4/6)/((-4)/z)?
3
What is the units digit of 66 + 5 + (2 - 4)?
9
Suppose 2*l - 3*x + 1 = 0, 5*x + 16 = -2*l - 9. Let k(f) = f**2 + 6*f + 7. What is the units digit of k(l)?
2
Suppose -2*j = -0 + 8, 5*d + 5*j = 70. What is the tens digit of d?
1
Let n = 7 - 6. Let w be (0 + 1)/(n*-1). What is the units digit of w/4 + (-17)/(-4)?
4
Let q(s) = -s - 4. Let o be q(-8). Suppose -t - 2*g = -o*g - 12, 4*g = 3*t - 38. What is the units digit of t?
4
Let a(r) = -r**3 + 4*r + 4. Let b be a(-2). Suppose -46 = -s + b*i - 3*i, -4*i = -3*s + 135. What is the units digit of s?
9
Let j(n) = -2*n - 11. What is the tens digit of j(-11)?
1
Let j be (-18)/(-36) - (-26)/4. What is the units digit of 14/j + 8/2?
6
Let h = 43 + -61. What is the units digit of ((-26)/4)/(3/h)?
9
Let v = 0 + 3. Suppose -v*q = -6*q. Suppose q = -2*x - 4, 2*s - 3*x + 0*x = 14. What is the units digit of s?
4
What is the tens digit of 0 - (-4 - -3 - 56)?
5
Suppose -3*x + 3*i = -218 - 583, -1355 = -5*x + i. What is the hundreds digit of x?
2
Suppose 3*j + 2*j - 25 = 0. Suppose -3*f + 174 = j*w, 0 = -4*w + 2*f + 150 - 24. What is the units digit of w?
3
Let m(w) = -3*w + w + 4*w + w**2 + 3*w. Let y be m(-5). What is the units digit of y + 1 - -1 - -5?
7
Let o be (-2 - -1)*(-8 + 4). Suppose -168 = -o*q - 44. What is the units digit of q?
1
Let x = -1 - -3. Let n be x/7 + 2/(-7). Suppose -2*s + 8 = -n*s. What is the units digit of s?
4
Suppose 2*g - 25 = 7*g. Let u(m) = -m**2 - 10*m - 4. What is the tens digit of u(g)?
2
Suppose 6*k = k - 15. Suppose 2*y - 4*i = -y + 3, 4*y + 3*i = 4. What is the units digit of ((-8)/3)/(y/k)?
8
Let m = 3 + -7. Suppose s + 4*l - 6 = -0*s, 0 = s - 2*l - 6. Let d = s - m. What is the tens digit of d?
1
Suppose 0 = -4*y - 5*y + 657. What is